{"id":1085,"date":"2021-04-27T11:35:52","date_gmt":"2021-04-27T11:35:52","guid":{"rendered":"https:\/\/outviewgroup.com\/?page_id=1085"},"modified":"2021-09-12T19:54:30","modified_gmt":"2021-09-12T19:54:30","slug":"pixal","status":"publish","type":"page","link":"https:\/\/outviewgroup.com\/index.php\/pixal\/","title":{"rendered":"Gana"},"content":{"rendered":"\t\t<div data-elementor-type=\"wp-page\" data-elementor-id=\"1085\" class=\"elementor elementor-1085\" data-elementor-settings=\"[]\">\n\t\t\t\t\t\t\t<div class=\"elementor-section-wrap\">\n\t\t\t\t\t\t\t<section class=\"elementor-element elementor-element-d220d0b elementor-section-full_width elementor-section-height-min-height elementor-section-items-stretch elementor-section-height-default elementor-section elementor-top-section\" data-id=\"d220d0b\" data-element_type=\"section\" data-settings=\"{&quot;background_background&quot;:&quot;classic&quot;}\">\n\t\t\t\t\t\t<div class=\"elementor-container elementor-column-gap-no\">\n\t\t\t\t\t<div class=\"elementor-element elementor-element-50c087a elementor-column elementor-col-100 elementor-top-column\" data-id=\"50c087a\" data-element_type=\"column\">\n\t\t\t<div class=\"elementor-widget-wrap elementor-element-populated\">\n\t\t\t\t\t\t\t\t<div class=\"elementor-element elementor-element-a6a1f7f elementor--h-position-center elementor--v-position-middle elementor-widget elementor-widget-slides\" data-id=\"a6a1f7f\" data-element_type=\"widget\" data-settings=\"{&quot;navigation&quot;:&quot;none&quot;,&quot;autoplay&quot;:&quot;yes&quot;,&quot;pause_on_hover&quot;:&quot;yes&quot;,&quot;pause_on_interaction&quot;:&quot;yes&quot;,&quot;autoplay_speed&quot;:5000,&quot;infinite&quot;:&quot;yes&quot;,&quot;transition&quot;:&quot;slide&quot;,&quot;transition_speed&quot;:500}\" data-widget_type=\"slides.default\">\n\t\t\t\t<div class=\"elementor-widget-container\">\n\t\t\t\t\t<div class=\"elementor-swiper\">\n\t\t\t<div class=\"elementor-slides-wrapper elementor-main-swiper swiper-container\" dir=\"ltr\" data-animation=\"fadeInUp\">\n\t\t\t\t<div class=\"swiper-wrapper elementor-slides\">\n\t\t\t\t\t<div class=\"elementor-repeater-item-e76e28c swiper-slide\"><div class=\"swiper-slide-bg\"><\/div><div class=\"elementor-background-overlay\"><\/div><a class=\"swiper-slide-inner\" href=\"#floww\"><div class=\"swiper-slide-contents\"><div class=\"elementor-slide-heading\">Gana<\/div><div class=\"elementor-slide-description\">Comercializa\u00e7\u00e3o de produtos e servi\u00e7os no Gana<\/div><div  class=\"elementor-button elementor-slide-button elementor-size-md\">saiba mais<\/div><\/div><\/a><\/div>\t\t\t\t<\/div>\n\t\t\t\t\t\t\t<\/div>\n\t\t<\/div>\n\t\t\t\t<\/div>\n\t\t\t\t<\/div>\n\t\t\t\t\t<\/div>\n\t\t<\/div>\n\t\t\t\t\t\t\t<\/div>\n\t\t<\/section>\n\t\t\t\t<section class=\"elementor-element elementor-element-d59dfd9 elementor-section-full_width elementor-section-height-min-height elementor-section-items-stretch elementor-section-content-middle animated-slow elementor-reverse-tablet elementor-reverse-mobile elementor-section-height-default elementor-invisible elementor-section elementor-top-section\" data-id=\"d59dfd9\" data-element_type=\"section\" id=\"floww\" data-settings=\"{&quot;background_background&quot;:&quot;classic&quot;,&quot;animation&quot;:&quot;fadeInUp&quot;}\">\n\t\t\t\t\t\t<div class=\"elementor-container elementor-column-gap-no\">\n\t\t\t\t\t<div class=\"elementor-element elementor-element-6ddcfc4 elementor-column elementor-col-50 elementor-top-column\" data-id=\"6ddcfc4\" data-element_type=\"column\" data-settings=\"{&quot;background_background&quot;:&quot;classic&quot;}\">\n\t\t\t<div class=\"elementor-widget-wrap elementor-element-populated\">\n\t\t\t\t\t\t\t\t<div class=\"elementor-element elementor-element-6551923 elementor-widget elementor-widget-heading\" data-id=\"6551923\" data-element_type=\"widget\" data-widget_type=\"heading.default\">\n\t\t\t\t<div class=\"elementor-widget-container\">\n\t\t\t<h4 class=\"elementor-heading-title elementor-size-default\">MARCA PR\u00d3PRIA<\/h4>\t\t<\/div>\n\t\t\t\t<\/div>\n\t\t\t\t<div class=\"elementor-element elementor-element-3f15040 elementor-widget elementor-widget-heading\" data-id=\"3f15040\" data-element_type=\"widget\" data-widget_type=\"heading.default\">\n\t\t\t\t<div class=\"elementor-widget-container\">\n\t\t\t<h2 class=\"elementor-heading-title elementor-size-default\">FLOWW<\/h2>\t\t<\/div>\n\t\t\t\t<\/div>\n\t\t\t\t<div class=\"elementor-element elementor-element-9326827 elementor-widget elementor-widget-text-editor\" data-id=\"9326827\" data-element_type=\"widget\" data-widget_type=\"text-editor.default\">\n\t\t\t\t<div class=\"elementor-widget-container\">\n\t\t\t\t\t<div class=\"elementor-text-editor elementor-clearfix\"><p>Cri\u00e1mos uma marca pr\u00f3pria, a floww, exclusivamente para comercializa\u00e7\u00e3o de produtos nos sectores alimentar e da sa\u00fade no mercado africano e asi\u00e1tico.\u00a0<\/p><\/div>\n\t\t\t\t<\/div>\n\t\t\t\t<\/div>\n\t\t\t\t\t<\/div>\n\t\t<\/div>\n\t\t\t\t<div class=\"elementor-element elementor-element-8d0d780 elementor-column elementor-col-50 elementor-top-column\" data-id=\"8d0d780\" data-element_type=\"column\" data-settings=\"{&quot;background_background&quot;:&quot;classic&quot;}\">\n\t\t\t<div class=\"elementor-widget-wrap\">\n\t\t\t\t\t\t\t\t\t<\/div>\n\t\t<\/div>\n\t\t\t\t\t\t\t<\/div>\n\t\t<\/section>\n\t\t\t\t<section class=\"elementor-element elementor-element-88aa9f1 elementor-section-full_width elementor-section-height-min-height elementor-section-items-stretch elementor-section-content-middle animated-slow elementor-section-height-default elementor-invisible elementor-section elementor-top-section\" data-id=\"88aa9f1\" data-element_type=\"section\" id=\"mais\" data-settings=\"{&quot;background_background&quot;:&quot;classic&quot;,&quot;animation&quot;:&quot;fadeInUp&quot;}\">\n\t\t\t\t\t\t<div class=\"elementor-container elementor-column-gap-no\">\n\t\t\t\t\t<div class=\"elementor-element elementor-element-d06970f elementor-column elementor-col-50 elementor-top-column\" data-id=\"d06970f\" data-element_type=\"column\" data-settings=\"{&quot;background_background&quot;:&quot;classic&quot;}\">\n\t\t\t<div class=\"elementor-widget-wrap elementor-element-populated\">\n\t\t\t\t\t\t\t\t<div class=\"elementor-element elementor-element-0a723a5 elementor-widget elementor-widget-spacer\" data-id=\"0a723a5\" data-element_type=\"widget\" data-widget_type=\"spacer.default\">\n\t\t\t\t<div class=\"elementor-widget-container\">\n\t\t\t\t\t<div class=\"elementor-spacer\">\n\t\t\t<div class=\"elementor-spacer-inner\"><\/div>\n\t\t<\/div>\n\t\t\t\t<\/div>\n\t\t\t\t<\/div>\n\t\t\t\t\t<\/div>\n\t\t<\/div>\n\t\t\t\t<div class=\"elementor-element elementor-element-b8e62fc elementor-column elementor-col-50 elementor-top-column\" data-id=\"b8e62fc\" data-element_type=\"column\" data-settings=\"{&quot;background_background&quot;:&quot;classic&quot;}\">\n\t\t\t<div class=\"elementor-widget-wrap elementor-element-populated\">\n\t\t\t\t\t\t\t\t<div class=\"elementor-element elementor-element-bf685a1 elementor-widget elementor-widget-image\" data-id=\"bf685a1\" data-element_type=\"widget\" data-widget_type=\"image.default\">\n\t\t\t\t<div class=\"elementor-widget-container\">\n\t\t\t\t\t<div class=\"elementor-image\">\n\t\t\t\t\t\t\t\t\t\t<img src=\"https:\/\/outviewgroup.com\/wp-content\/uploads\/2021\/05\/LOGO_PIXAL_Prancheta-1.svg\" class=\"attachment-full size-full\" alt=\"\" loading=\"lazy\" \/>\t\t\t\t\t\t\t\t\t\t\t<\/div>\n\t\t\t\t<\/div>\n\t\t\t\t<\/div>\n\t\t\t\t<div class=\"elementor-element elementor-element-fd02df9 elementor-widget elementor-widget-heading\" data-id=\"fd02df9\" data-element_type=\"widget\" data-widget_type=\"heading.default\">\n\t\t\t\t<div class=\"elementor-widget-container\">\n\t\t\t<h4 class=\"elementor-heading-title elementor-size-default\">O QUE FAZEMOS<\/h4>\t\t<\/div>\n\t\t\t\t<\/div>\n\t\t\t\t<div class=\"elementor-element elementor-element-616d9b3 elementor-widget elementor-widget-heading\" data-id=\"616d9b3\" data-element_type=\"widget\" data-widget_type=\"heading.default\">\n\t\t\t\t<div class=\"elementor-widget-container\">\n\t\t\t<h2 class=\"elementor-heading-title elementor-size-default\">A Pixal<\/h2>\t\t<\/div>\n\t\t\t\t<\/div>\n\t\t\t\t<div class=\"elementor-element elementor-element-c205767 elementor-widget elementor-widget-text-editor\" data-id=\"c205767\" data-element_type=\"widget\" data-widget_type=\"text-editor.default\">\n\t\t\t\t<div class=\"elementor-widget-container\">\n\t\t\t\t\t<div class=\"elementor-text-editor elementor-clearfix\"><p>A empresa Pixal \u00e9 vocacionada na comercializa\u00e7\u00e3o de produtos nos setores alimentar e de sa\u00fade no mercado africano e asi\u00e1tico. Representamos diversas marcas como a Compal, a Dancake e a Super Bock<\/p><\/div>\n\t\t\t\t<\/div>\n\t\t\t\t<\/div>\n\t\t\t\t<div class=\"elementor-element elementor-element-2feb8cf elementor-widget elementor-widget-toggle\" data-id=\"2feb8cf\" data-element_type=\"widget\" data-widget_type=\"toggle.default\">\n\t\t\t\t<div class=\"elementor-widget-container\">\n\t\t\t\t\t<div class=\"elementor-toggle\" role=\"tablist\">\n\t\t\t\t\t\t\t<div class=\"elementor-toggle-item\">\n\t\t\t\t\t<div id=\"elementor-tab-title-5021\" class=\"elementor-tab-title\" data-tab=\"1\" role=\"tab\" aria-controls=\"elementor-tab-content-5021\">\n\t\t\t\t\t\t\t\t\t\t\t\t<span class=\"elementor-toggle-icon elementor-toggle-icon-left\" aria-hidden=\"true\">\n\t\t\t\t\t\t\t\t\t\t\t\t\t\t\t<span class=\"elementor-toggle-icon-closed\"><i class=\"fas fa-caret-right\"><\/i><\/span>\n\t\t\t\t\t\t\t\t<span class=\"elementor-toggle-icon-opened\"><i class=\"elementor-toggle-icon-opened fas fa-caret-up\"><\/i><\/span>\n\t\t\t\t\t\t\t\t\t\t\t\t\t<\/span>\n\t\t\t\t\t\t\t\t\t\t\t\t<a href=\"\" class=\"elementor-toggle-title\">Algumas das marcas que representamos<\/a>\n\t\t\t\t\t<\/div>\n\t\t\t\t\t<div id=\"elementor-tab-content-5021\" class=\"elementor-tab-content elementor-clearfix\" data-tab=\"1\" role=\"tabpanel\" aria-labelledby=\"elementor-tab-title-5021\"><div>Nutro<\/div>\n<div>Pura<\/div>\n<div>Compal<\/div>\n<div>Superbock<\/div>\n<div>La Nutre<\/div>\n<div>Vieira<\/div>\n<div>Rexona<\/div>\n<div>Gillette<\/div>\n<div>Colgate<\/div>\n<div>Sunlight<\/div>\n<div>OMO<\/div>\n<div>Knorr<\/div>\n<div>Gull\u00f3n<\/div>\n<div>Dancake<\/div><\/div>\n\t\t\t\t<\/div>\n\t\t\t\t\t<\/div>\n\t\t\t\t<\/div>\n\t\t\t\t<\/div>\n\t\t\t\t\t<\/div>\n\t\t<\/div>\n\t\t\t\t\t\t\t<\/div>\n\t\t<\/section>\n\t\t\t\t<section class=\"elementor-element elementor-element-4f82434 animated-slow elementor-section-boxed elementor-section-height-default elementor-section-height-default elementor-invisible elementor-section elementor-top-section\" data-id=\"4f82434\" data-element_type=\"section\" data-settings=\"{&quot;animation&quot;:&quot;fadeInUp&quot;}\">\n\t\t\t\t\t\t<div class=\"elementor-container elementor-column-gap-default\">\n\t\t\t\t\t<div class=\"elementor-element elementor-element-d51b6c4 elementor-column elementor-col-100 elementor-top-column\" data-id=\"d51b6c4\" data-element_type=\"column\">\n\t\t\t<div class=\"elementor-widget-wrap elementor-element-populated\">\n\t\t\t\t\t\t\t\t<div class=\"elementor-element elementor-element-4d82c1a elementor-widget elementor-widget-heading\" data-id=\"4d82c1a\" data-element_type=\"widget\" data-widget_type=\"heading.default\">\n\t\t\t\t<div class=\"elementor-widget-container\">\n\t\t\t<h2 class=\"elementor-heading-title elementor-size-default\">REPRESENTAMOS<\/h2>\t\t<\/div>\n\t\t\t\t<\/div>\n\t\t\t\t<div class=\"elementor-element elementor-element-2984b56 elementor-widget elementor-widget-heading\" data-id=\"2984b56\" data-element_type=\"widget\" data-widget_type=\"heading.default\">\n\t\t\t\t<div class=\"elementor-widget-container\">\n\t\t\t<h2 class=\"elementor-heading-title elementor-size-default\">Marcas e produtos<\/h2>\t\t<\/div>\n\t\t\t\t<\/div>\n\t\t\t\t\t<\/div>\n\t\t<\/div>\n\t\t\t\t\t\t\t<\/div>\n\t\t<\/section>\n\t\t\t\t<section class=\"elementor-element elementor-element-258972c elementor-section-full_width animated-slow elementor-section-height-default elementor-section-height-default elementor-invisible elementor-section elementor-top-section\" data-id=\"258972c\" data-element_type=\"section\" data-settings=\"{&quot;animation&quot;:&quot;fadeInUp&quot;}\">\n\t\t\t\t\t\t<div class=\"elementor-container elementor-column-gap-default\">\n\t\t\t\t\t<div class=\"elementor-element elementor-element-f1b579f elementor-column elementor-col-33 elementor-top-column\" data-id=\"f1b579f\" data-element_type=\"column\">\n\t\t\t<div class=\"elementor-widget-wrap elementor-element-populated\">\n\t\t\t\t\t\t\t\t<div class=\"elementor-element elementor-element-3d839fb elementor-widget elementor-widget-image\" data-id=\"3d839fb\" data-element_type=\"widget\" data-widget_type=\"image.default\">\n\t\t\t\t<div class=\"elementor-widget-container\">\n\t\t\t\t\t<div class=\"elementor-image\">\n\t\t\t\t\t\t\t\t\t\t<img src=\"https:\/\/outviewgroup.com\/wp-content\/uploads\/elementor\/thumbs\/oats3-pd0jridr962t5sjz4vd5b3ryby57dw5nfew1ccfygg.jpg\" title=\"oats3\" alt=\"oats3\" \/>\t\t\t\t\t\t\t\t\t\t\t<\/div>\n\t\t\t\t<\/div>\n\t\t\t\t<\/div>\n\t\t\t\t\t<\/div>\n\t\t<\/div>\n\t\t\t\t<div class=\"elementor-element elementor-element-2111cb6 elementor-column elementor-col-33 elementor-top-column\" data-id=\"2111cb6\" data-element_type=\"column\">\n\t\t\t<div class=\"elementor-widget-wrap elementor-element-populated\">\n\t\t\t\t\t\t\t\t<div class=\"elementor-element elementor-element-b30225b elementor-widget elementor-widget-image\" data-id=\"b30225b\" data-element_type=\"widget\" data-widget_type=\"image.default\">\n\t\t\t\t<div class=\"elementor-widget-container\">\n\t\t\t\t\t<div class=\"elementor-image\">\n\t\t\t\t\t\t\t\t\t\t<img src=\"https:\/\/outviewgroup.com\/wp-content\/uploads\/elementor\/thumbs\/spaghetti-1-pd0g4ykq1jd4ni6pgfuj01r85dlyb9vqt909su0enk.jpg\" title=\"spaghetti\" alt=\"spaghetti\" \/>\t\t\t\t\t\t\t\t\t\t\t<\/div>\n\t\t\t\t<\/div>\n\t\t\t\t<\/div>\n\t\t\t\t\t<\/div>\n\t\t<\/div>\n\t\t\t\t<div class=\"elementor-element elementor-element-1b4e673 elementor-column elementor-col-33 elementor-top-column\" data-id=\"1b4e673\" data-element_type=\"column\">\n\t\t\t<div class=\"elementor-widget-wrap elementor-element-populated\">\n\t\t\t\t\t\t\t\t<div class=\"elementor-element elementor-element-e8fc133 elementor-widget elementor-widget-image\" data-id=\"e8fc133\" data-element_type=\"widget\" data-widget_type=\"image.default\">\n\t\t\t\t<div class=\"elementor-widget-container\">\n\t\t\t\t\t<div class=\"elementor-image\">\n\t\t\t\t\t\t\t\t\t\t<img src=\"https:\/\/outviewgroup.com\/wp-content\/uploads\/elementor\/thumbs\/milk-pd0jfxz95k8sajctoddf4iur695lnz8k65vxqrld0w.jpg\" title=\"milk\" alt=\"milk\" \/>\t\t\t\t\t\t\t\t\t\t\t<\/div>\n\t\t\t\t<\/div>\n\t\t\t\t<\/div>\n\t\t\t\t\t<\/div>\n\t\t<\/div>\n\t\t\t\t\t\t\t<\/div>\n\t\t<\/section>\n\t\t\t\t<section class=\"elementor-element elementor-element-5ded35e6 elementor-section-content-middle animated-slow elementor-section-boxed elementor-section-height-default elementor-section-height-default elementor-invisible elementor-section elementor-top-section\" data-id=\"5ded35e6\" data-element_type=\"section\" data-settings=\"{&quot;background_background&quot;:&quot;classic&quot;,&quot;animation&quot;:&quot;fadeInUp&quot;}\">\n\t\t\t\t\t\t\t<div class=\"elementor-background-overlay\"><\/div>\n\t\t\t\t\t\t\t<div class=\"elementor-container elementor-column-gap-default\">\n\t\t\t\t\t<div class=\"elementor-element elementor-element-10eec642 elementor-column elementor-col-100 elementor-top-column\" data-id=\"10eec642\" data-element_type=\"column\">\n\t\t\t<div class=\"elementor-widget-wrap elementor-element-populated\">\n\t\t\t\t\t\t\t\t<div class=\"elementor-element elementor-element-257f9649 elementor-arrows-position-outside elementor-widget elementor-widget-image-carousel\" data-id=\"257f9649\" data-element_type=\"widget\" data-settings=\"{&quot;slides_to_show&quot;:&quot;2&quot;,&quot;slides_to_scroll&quot;:&quot;1&quot;,&quot;autoplay_speed&quot;:4000,&quot;navigation&quot;:&quot;arrows&quot;,&quot;image_spacing_custom&quot;:{&quot;unit&quot;:&quot;px&quot;,&quot;size&quot;:30,&quot;sizes&quot;:[]},&quot;slides_to_show_tablet&quot;:&quot;1&quot;,&quot;slides_to_scroll_tablet&quot;:&quot;1&quot;,&quot;autoplay&quot;:&quot;yes&quot;,&quot;pause_on_hover&quot;:&quot;yes&quot;,&quot;pause_on_interaction&quot;:&quot;yes&quot;,&quot;infinite&quot;:&quot;yes&quot;,&quot;speed&quot;:500}\" data-widget_type=\"image-carousel.default\">\n\t\t\t\t<div class=\"elementor-widget-container\">\n\t\t\t\t\t<div class=\"elementor-image-carousel-wrapper swiper-container\" dir=\"ltr\">\n\t\t\t<div class=\"elementor-image-carousel swiper-wrapper swiper-image-stretch\">\n\t\t\t\t<div class=\"swiper-slide\"><figure class=\"swiper-slide-inner\"><img class=\"swiper-slide-image\" src=\"https:\/\/outviewgroup.com\/wp-content\/uploads\/elementor\/thumbs\/bongo-p6h0oicpgrqblxoeja5lha7bl5v5hpbt26z7hz4kgk.jpg\" alt=\"bongo\" \/><\/figure><\/div><div class=\"swiper-slide\"><figure class=\"swiper-slide-inner\"><img class=\"swiper-slide-image\" src=\"https:\/\/outviewgroup.com\/wp-content\/uploads\/elementor\/thumbs\/la-nutre-p6ftk32o08kumqnslqkkwj5vyjkfpxb6memol2x6z8.jpg\" alt=\"la-nutre\" \/><\/figure><\/div><div class=\"swiper-slide\"><figure class=\"swiper-slide-inner\"><img class=\"swiper-slide-image\" src=\"https:\/\/outviewgroup.com\/wp-content\/uploads\/elementor\/thumbs\/frize-p6ftf5f64jtnoftuf3s3b9zropw2b4pwxzbwvs8ln8.jpg\" alt=\"frize\" \/><\/figure><\/div><div class=\"swiper-slide\"><figure class=\"swiper-slide-inner\"><img class=\"swiper-slide-image\" src=\"https:\/\/outviewgroup.com\/wp-content\/uploads\/elementor\/thumbs\/compal-pacotes-p6gzmey6hhkz2v0fzbcwxe9svzmmjb3fhn5sb9lyms.jpg\" alt=\"compal-pacotes\" \/><\/figure><\/div><div class=\"swiper-slide\"><figure class=\"swiper-slide-inner\"><img class=\"swiper-slide-image\" src=\"https:\/\/outviewgroup.com\/wp-content\/uploads\/elementor\/thumbs\/bravo-1-p6ftf2lnk1psplxxvkk7lspdwk9yo1epxldgfycs5w.jpg\" alt=\"bravo\" \/><\/figure><\/div><div class=\"swiper-slide\"><figure class=\"swiper-slide-inner\"><img class=\"swiper-slide-image\" src=\"https:\/\/outviewgroup.com\/wp-content\/uploads\/elementor\/thumbs\/la-nutre-milho-p6ftshqp4w36h6g5ideg7esb8m4mkgor40p146gfbo.jpg\" alt=\"la-nutre-milho\" \/><\/figure><\/div><div class=\"swiper-slide\"><figure class=\"swiper-slide-inner\"><img class=\"swiper-slide-image\" src=\"https:\/\/outviewgroup.com\/wp-content\/uploads\/elementor\/thumbs\/butter-cookies-p6h1vqxfuex5o6ve1yzs6denb8qzkgzb07ba870m8k.jpg\" alt=\"butter-cookies\" \/><\/figure><\/div><div class=\"swiper-slide\"><figure class=\"swiper-slide-inner\"><img class=\"swiper-slide-image\" src=\"https:\/\/outviewgroup.com\/wp-content\/uploads\/elementor\/thumbs\/nutro-cookies-p6h0bprsfy7tl09f8r2ejifgicxaq0jbyvbace3h5g.jpg\" alt=\"nutro-cookies\" \/><\/figure><\/div><div class=\"swiper-slide\"><figure class=\"swiper-slide-inner\"><img class=\"swiper-slide-image\" src=\"https:\/\/outviewgroup.com\/wp-content\/uploads\/elementor\/thumbs\/frize-pepino-1-p6ftf3jhqvr317wkq2yu6aguhy5bvqig9q0xx8bdzo.jpg\" alt=\"frize-pepino\" \/><\/figure><\/div><div class=\"swiper-slide\"><figure class=\"swiper-slide-inner\"><img class=\"swiper-slide-image\" src=\"https:\/\/outviewgroup.com\/wp-content\/uploads\/elementor\/thumbs\/compal-vital-p6gzx9z1gkg98n8gk0dpqnlk0a3bhe7rnejrydi6qc.jpg\" alt=\"compal-vital\" \/><\/figure><\/div><div class=\"swiper-slide\"><figure class=\"swiper-slide-inner\"><img class=\"swiper-slide-image\" src=\"https:\/\/outviewgroup.com\/wp-content\/uploads\/elementor\/thumbs\/pura-oatmeal-p6gy3lyy08k45cmb04j01q5a07r6qmiuadtlzgvbf8.jpg\" alt=\"pura-oatmeal\" \/><\/figure><\/div><div class=\"swiper-slide\"><figure class=\"swiper-slide-inner\"><img class=\"swiper-slide-image\" src=\"https:\/\/outviewgroup.com\/wp-content\/uploads\/elementor\/thumbs\/nutro-biscuits-p6h1bgkuc55d36c9ipanuzphquqsfnfv7sf0c73ij8.jpg\" alt=\"nutro-biscuits\" \/><\/figure><\/div><div class=\"swiper-slide\"><figure class=\"swiper-slide-inner\"><img class=\"swiper-slide-image\" src=\"https:\/\/outviewgroup.com\/wp-content\/uploads\/elementor\/thumbs\/nutrism-p6ftsjmdik5r4edf7e7pceb8fdvczuw7sa002qdmz8.jpg\" alt=\"nutrism\" \/><\/figure><\/div><div class=\"swiper-slide\"><figure class=\"swiper-slide-inner\"><img class=\"swiper-slide-image\" src=\"https:\/\/outviewgroup.com\/wp-content\/uploads\/elementor\/thumbs\/compal-latas-p6gzj5gcr744rlr41ekjrpx6mtpqt54zdhm3bog68k.jpg\" alt=\"compal-latas\" \/><\/figure><\/div><div class=\"swiper-slide\"><figure class=\"swiper-slide-inner\"><img class=\"swiper-slide-image\" src=\"https:\/\/outviewgroup.com\/wp-content\/uploads\/elementor\/thumbs\/super-bock-p6h0l45osb31omlwctc3h51ed2lfp1up9e63405qxg.jpg\" alt=\"super-bock\" \/><\/figure><\/div><div class=\"swiper-slide\"><figure class=\"swiper-slide-inner\"><img class=\"swiper-slide-image\" src=\"https:\/\/outviewgroup.com\/wp-content\/uploads\/elementor\/thumbs\/um-bongo-frutos-p6h0qpb5euqep6hpq8a9aqa1hj1zga19d1rzt7vhxw.jpg\" alt=\"um-bongo-frutos\" \/><\/figure><\/div><div class=\"swiper-slide\"><figure class=\"swiper-slide-inner\"><img class=\"swiper-slide-image\" src=\"https:\/\/outviewgroup.com\/wp-content\/uploads\/elementor\/thumbs\/nutro-bolachas-p6h0x2nrqfgde18kizf874eifjnjmfbrkkygwqffro.jpg\" alt=\"nutro-bolachas\" \/><\/figure><\/div><div class=\"swiper-slide\"><figure class=\"swiper-slide-inner\"><img class=\"swiper-slide-image\" src=\"https:\/\/outviewgroup.com\/wp-content\/uploads\/elementor\/thumbs\/merilu-1-p6ftf96ivvysyvodt5ell91m29dj5x4uahxusw30yc.jpg\" alt=\"merilu\" \/><\/figure><\/div><div class=\"swiper-slide\"><figure class=\"swiper-slide-inner\"><img class=\"swiper-slide-image\" src=\"https:\/\/outviewgroup.com\/wp-content\/uploads\/elementor\/thumbs\/compal-garrafa-p6h0zplgwp2byneo4mgjoyg2fgnm7usnlmuidoiob8.jpg\" alt=\"compal-garrafa\" \/><\/figure><\/div><div class=\"swiper-slide\"><figure class=\"swiper-slide-inner\"><img class=\"swiper-slide-image\" src=\"https:\/\/outviewgroup.com\/wp-content\/uploads\/elementor\/thumbs\/nutro-creamy-p6h1f468wy5i8l146a6fk2i0wsq6d9yadvqzixoec4.jpg\" alt=\"nutro-creamy\" \/><\/figure><\/div><div class=\"swiper-slide\"><figure class=\"swiper-slide-inner\"><img class=\"swiper-slide-image\" src=\"https:\/\/outviewgroup.com\/wp-content\/uploads\/elementor\/thumbs\/g-vita-tropical-p6h2egvpymjqwlofqkbac5c58ih5vgaukv2fbl9cb8.jpg\" alt=\"g-vita-tropical\" \/><\/figure><\/div><div class=\"swiper-slide\"><figure class=\"swiper-slide-inner\"><img class=\"swiper-slide-image\" src=\"https:\/\/outviewgroup.com\/wp-content\/uploads\/elementor\/thumbs\/sunflower-oil-p6gxu5pda7mbeick71g1z40eyqcbc700blnu9avtzo.jpg\" alt=\"sunflower-oil\" \/><\/figure><\/div><div class=\"swiper-slide\"><figure class=\"swiper-slide-inner\"><img class=\"swiper-slide-image\" src=\"https:\/\/outviewgroup.com\/wp-content\/uploads\/elementor\/thumbs\/beans-p6h2exstdn6wpkzuzrmkl12fxg5rq060n6t5ykk978.jpg\" alt=\"beans\" \/><\/figure><\/div>\t\t\t<\/div>\n\t\t\t\t\t\t\t\t\t\t\t\t\t\t\t\t<div class=\"elementor-swiper-button elementor-swiper-button-prev\">\n\t\t\t\t\t\t<i class=\"eicon-chevron-left\" aria-hidden=\"true\"><\/i>\n\t\t\t\t\t\t<span class=\"elementor-screen-only\">Previous<\/span>\n\t\t\t\t\t<\/div>\n\t\t\t\t\t<div class=\"elementor-swiper-button elementor-swiper-button-next\">\n\t\t\t\t\t\t<i class=\"eicon-chevron-right\" aria-hidden=\"true\"><\/i>\n\t\t\t\t\t\t<span class=\"elementor-screen-only\">Next<\/span>\n\t\t\t\t\t<\/div>\n\t\t\t\t\t\t\t\t\t<\/div>\n\t\t\t\t<\/div>\n\t\t\t\t<\/div>\n\t\t\t\t\t<\/div>\n\t\t<\/div>\n\t\t\t\t\t\t\t<\/div>\n\t\t<\/section>\n\t\t\t\t\t\t<\/div>\n\t\t\t\t\t<\/div>\n\t\t","protected":false},"excerpt":{"rendered":"<p>GanaComercializa\u00e7\u00e3o de produtos e servi\u00e7os no Ganasaiba mais MARCA PR\u00d3PRIA FLOWW Cri\u00e1mos uma marca pr\u00f3pria, a floww, exclusivamente para comercializa\u00e7\u00e3o de produtos nos sectores alimentar e da sa\u00fade no mercado africano e asi\u00e1tico.\u00a0 O QUE FAZEMOS A Pixal A empresa Pixal \u00e9 vocacionada na comercializa\u00e7\u00e3o de produtos nos setores alimentar e de sa\u00fade no mercado [&hellip;]<\/p>\n","protected":false},"author":1,"featured_media":0,"parent":0,"menu_order":0,"comment_status":"closed","ping_status":"closed","template":"elementor_header_footer","meta":[],"_links":{"self":[{"href":"https:\/\/outviewgroup.com\/index.php\/wp-json\/wp\/v2\/pages\/1085"}],"collection":[{"href":"https:\/\/outviewgroup.com\/index.php\/wp-json\/wp\/v2\/pages"}],"about":[{"href":"https:\/\/outviewgroup.com\/index.php\/wp-json\/wp\/v2\/types\/page"}],"author":[{"embeddable":true,"href":"https:\/\/outviewgroup.com\/index.php\/wp-json\/wp\/v2\/users\/1"}],"replies":[{"embeddable":true,"href":"https:\/\/outviewgroup.com\/index.php\/wp-json\/wp\/v2\/comments?post=1085"}],"version-history":[{"count":172,"href":"https:\/\/outviewgroup.com\/index.php\/wp-json\/wp\/v2\/pages\/1085\/revisions"}],"predecessor-version":[{"id":1707,"href":"https:\/\/outviewgroup.com\/index.php\/wp-json\/wp\/v2\/pages\/1085\/revisions\/1707"}],"wp:attachment":[{"href":"https:\/\/outviewgroup.com\/index.php\/wp-json\/wp\/v2\/media?parent=1085"}],"curies":[{"name":"wp","href":"https:\/\/api.w.org\/{rel}","templated":true}]}}